[INFO] fetching crate prettyplease-cli 0.1.0...
[INFO] checking prettyplease-cli-0.1.0 against master#e6e4f7ed1589e03bc2f6c5931c1a72e7947e8682 for beta-170-4
[INFO] extracting crate prettyplease-cli 0.1.0 into /workspace/builds/worker-1-tc2/source
[INFO] validating manifest of crates.io crate prettyplease-cli 0.1.0 on toolchain e6e4f7ed1589e03bc2f6c5931c1a72e7947e8682
[INFO] running `Command { std: CARGO_HOME="/workspace/cargo-home" RUSTUP_HOME="/workspace/rustup-home" "/workspace/cargo-home/bin/cargo" "+e6e4f7ed1589e03bc2f6c5931c1a72e7947e8682" "metadata" "--manifest-path" "Cargo.toml" "--no-deps", kill_on_drop: false }`
[INFO] removed /workspace/builds/worker-1-tc2/source/rust-toolchain.toml
[INFO] started tweaking crates.io crate prettyplease-cli 0.1.0
[INFO] finished tweaking crates.io crate prettyplease-cli 0.1.0
[INFO] tweaked toml for crates.io crate prettyplease-cli 0.1.0 written to /workspace/builds/worker-1-tc2/source/Cargo.toml
[INFO] crate crates.io crate prettyplease-cli 0.1.0 already has a lockfile, it will not be regenerated
[INFO] running `Command { std: CARGO_HOME="/workspace/cargo-home" RUSTUP_HOME="/workspace/rustup-home" "/workspace/cargo-home/bin/cargo" "+e6e4f7ed1589e03bc2f6c5931c1a72e7947e8682" "fetch" "--manifest-path" "Cargo.toml", kill_on_drop: false }`
[INFO] running `Command { std: "docker" "create" "-v" "/var/lib/crater-agent-workspace/builds/worker-1-tc2/target:/opt/rustwide/target:rw,Z" "-v" "/var/lib/crater-agent-workspace/builds/worker-1-tc2/source:/opt/rustwide/workdir:ro,Z" "-v" "/var/lib/crater-agent-workspace/cargo-home:/opt/rustwide/cargo-home:ro,Z" "-v" "/var/lib/crater-agent-workspace/rustup-home:/opt/rustwide/rustup-home:ro,Z" "-e" "SOURCE_DIR=/opt/rustwide/workdir" "-e" "CARGO_TARGET_DIR=/opt/rustwide/target" "-e" "CARGO_HOME=/opt/rustwide/cargo-home" "-e" "RUSTUP_HOME=/opt/rustwide/rustup-home" "-w" "/opt/rustwide/workdir" "-m" "1610612736" "--user" "0:0" "--network" "none" "ghcr.io/rust-lang/crates-build-env/linux@sha256:19e73879b68f455e41552ea35293514db52ea292d993f571636dbffedb77a1ee" "/opt/rustwide/cargo-home/bin/cargo" "+e6e4f7ed1589e03bc2f6c5931c1a72e7947e8682" "metadata" "--no-deps" "--format-version=1", kill_on_drop: false }`
[INFO] [stdout] 11e8dc65b533eed91a2b539909c7747950a56d21da26d1f56af2e5a5e57eddad
[INFO] running `Command { std: "docker" "start" "-a" "11e8dc65b533eed91a2b539909c7747950a56d21da26d1f56af2e5a5e57eddad", kill_on_drop: false }`
[INFO] running `Command { std: "docker" "inspect" "11e8dc65b533eed91a2b539909c7747950a56d21da26d1f56af2e5a5e57eddad", kill_on_drop: false }`
[INFO] running `Command { std: "docker" "rm" "-f" "11e8dc65b533eed91a2b539909c7747950a56d21da26d1f56af2e5a5e57eddad", kill_on_drop: false }`
[INFO] [stdout] 11e8dc65b533eed91a2b539909c7747950a56d21da26d1f56af2e5a5e57eddad
[INFO] running `Command { std: "docker" "create" "-v" "/var/lib/crater-agent-workspace/builds/worker-1-tc2/target:/opt/rustwide/target:rw,Z" "-v" "/var/lib/crater-agent-workspace/builds/worker-1-tc2/source:/opt/rustwide/workdir:ro,Z" "-v" "/var/lib/crater-agent-workspace/cargo-home:/opt/rustwide/cargo-home:ro,Z" "-v" "/var/lib/crater-agent-workspace/rustup-home:/opt/rustwide/rustup-home:ro,Z" "-e" "SOURCE_DIR=/opt/rustwide/workdir" "-e" "CARGO_TARGET_DIR=/opt/rustwide/target" "-e" "CARGO_INCREMENTAL=0" "-e" "RUST_BACKTRACE=full" "-e" "RUSTFLAGS=--cap-lints=forbid" "-e" "RUSTDOCFLAGS=--cap-lints=forbid" "-e" "CARGO_HOME=/opt/rustwide/cargo-home" "-e" "RUSTUP_HOME=/opt/rustwide/rustup-home" "-w" "/opt/rustwide/workdir" "-m" "1610612736" "--user" "0:0" "--network" "none" "ghcr.io/rust-lang/crates-build-env/linux@sha256:19e73879b68f455e41552ea35293514db52ea292d993f571636dbffedb77a1ee" "/opt/rustwide/cargo-home/bin/cargo" "+e6e4f7ed1589e03bc2f6c5931c1a72e7947e8682" "check" "--frozen" "--all" "--all-targets" "--message-format=json", kill_on_drop: false }`
[INFO] [stdout] 249ba9319a96ef471f196217e37b14a154b28381f737f50d7bf3181b776e89c2
[INFO] running `Command { std: "docker" "start" "-a" "249ba9319a96ef471f196217e37b14a154b28381f737f50d7bf3181b776e89c2", kill_on_drop: false }`
[INFO] [stderr]    Compiling proc-macro2 v1.0.36
[INFO] [stderr]    Compiling syn v1.0.85
[INFO] [stderr]     Checking libc v0.2.18
[INFO] [stderr]    Compiling unicode-xid v0.2.0
[INFO] [stderr]     Checking unicode-width v0.1.4
[INFO] [stderr]    Compiling unicode-segmentation v1.2.0
[INFO] [stderr]     Checking vec_map v0.8.0
[INFO] [stderr]     Checking byteorder v1.2.1
[INFO] [stderr]     Checking ansi_term v0.11.0
[INFO] [stderr]     Checking serde v1.0.7
[INFO] [stderr]     Checking bitflags v1.0.0
[INFO] [stderr]     Checking strsim v0.8.0
[INFO] [stderr]     Checking lazy_static v1.0.0
[INFO] [stderr]    Compiling anyhow v1.0.1
[INFO] [stderr]     Checking encode_unicode v0.3.0
[INFO] [stderr]     Checking textwrap v0.11.0
[INFO] [stderr]     Checking ansi_term v0.12.0
[INFO] [stderr]     Checking term v0.5.0
[INFO] [stderr]    Compiling heck v0.3.0
[INFO] [stderr]     Checking atty v0.2.2
[INFO] [stderr]     Checking memchr v2.0.0
[INFO] [stderr]     Checking clap v2.33.0
[INFO] [stderr]     Checking csv-core v0.1.4
[INFO] [stdout] error[E0407]: method `backtrace` is not a member of trait `StdError`
[INFO] [stdout]    --> /opt/rustwide/cargo-home/registry/src/index.crates.io-6f17d22bba15001f/anyhow-1.0.1/src/context.rs:136:5
[INFO] [stdout]     |
[INFO] [stdout] 136 | /     fn backtrace(&self) -> Option<&Backtrace> {
[INFO] [stdout] 137 | |         self.error.backtrace()
[INFO] [stdout] 138 | |     }
[INFO] [stdout]     | |_____^ not a member of trait `StdError`
[INFO] [stdout] 
[INFO] [stdout] 
[INFO] [stdout] error[E0407]: method `backtrace` is not a member of trait `StdError`
[INFO] [stdout]    --> /opt/rustwide/cargo-home/registry/src/index.crates.io-6f17d22bba15001f/anyhow-1.0.1/src/context.rs:150:5
[INFO] [stdout]     |
[INFO] [stdout] 150 | /     fn backtrace(&self) -> Option<&Backtrace> {
[INFO] [stdout] 151 | |         Some(self.error.backtrace())
[INFO] [stdout] 152 | |     }
[INFO] [stdout]     | |_____^ not a member of trait `StdError`
[INFO] [stdout] 
[INFO] [stdout] 
[INFO] [stdout] error[E0599]: no method named `backtrace` found for type parameter `E` in the current scope
[INFO] [stdout]    --> /opt/rustwide/cargo-home/registry/src/index.crates.io-6f17d22bba15001f/anyhow-1.0.1/src/context.rs:137:20
[INFO] [stdout]     |
[INFO] [stdout] 130 | impl<E, C> StdError for ContextError<E, C>
[INFO] [stdout]     |      - method `backtrace` not found for this type parameter
[INFO] [stdout] ...
[INFO] [stdout] 137 |         self.error.backtrace()
[INFO] [stdout]     |                    ^^^^^^^^^ method not found in `E`
[INFO] [stdout] 
[INFO] [stdout] 
[INFO] [stdout] error[E0599]: no method named `backtrace` found for type parameter `E` in the current scope
[INFO] [stdout]   --> /opt/rustwide/cargo-home/registry/src/index.crates.io-6f17d22bba15001f/anyhow-1.0.1/src/error.rs:41:37
[INFO] [stdout]    |
[INFO] [stdout] 34 |     pub fn new<E>(error: E) -> Self
[INFO] [stdout]    |                - method `backtrace` not found for this type parameter
[INFO] [stdout] ...
[INFO] [stdout] 41 |         let backtrace = match error.backtrace() {
[INFO] [stdout]    |                                     ^^^^^^^^^ method not found in `E`
[INFO] [stdout] 
[INFO] [stdout] 
[INFO] [stdout] error[E0599]: no method named `backtrace` found for reference `&(dyn std::error::Error + Send + Sync + 'static)` in the current scope
[INFO] [stdout]    --> /opt/rustwide/cargo-home/registry/src/index.crates.io-6f17d22bba15001f/anyhow-1.0.1/src/error.rs:159:44
[INFO] [stdout]     |
[INFO] [stdout] 159 |             .or_else(|| self.inner.error().backtrace())
[INFO] [stdout]     |                                            ^^^^^^^^^ method not found in `&dyn Error + Send + Sync`
[INFO] [stdout] 
[INFO] [stdout] 
[INFO] [stdout] error: aborting due to 5 previous errors
[INFO] [stdout] 
[INFO] [stdout] 
[INFO] [stdout] Some errors have detailed explanations: E0407, E0599.
[INFO] [stdout] 
[INFO] [stdout] For more information about an error, try `rustc --explain E0407`.
[INFO] [stdout] 
[INFO] [stderr] error: could not compile `anyhow` (lib) due to 6 previous errors
[INFO] [stderr] warning: build failed, waiting for other jobs to finish...
[INFO] running `Command { std: "docker" "inspect" "249ba9319a96ef471f196217e37b14a154b28381f737f50d7bf3181b776e89c2", kill_on_drop: false }`
[INFO] running `Command { std: "docker" "rm" "-f" "249ba9319a96ef471f196217e37b14a154b28381f737f50d7bf3181b776e89c2", kill_on_drop: false }`
[INFO] [stdout] 249ba9319a96ef471f196217e37b14a154b28381f737f50d7bf3181b776e89c2
